Let z(i) = -1575*i - 151205. Determine z(-96).
-5
Let n(m) = 604*m - 35629. Determine n(59).
7
Let f(g) = 1063*g - 4249. What is f(4)?
3
Let f(p) = -38*p**3 + 23*p**2 + 21*p - 4. Give f(-3).
1166
Let d(i) = i**2 - 11*i + 3. Give d(10).
-7
Let f(u) = -u**2 - 358*u - 2462. Determine f(-7).
-5
Let t(o) = -7*o + 74. What is t(18)?
-52
Let r(i) = 1108*i - 12106. Calculate r(11).
82
Let l(g) = g**2 - 200*g + 7188. Give l(153).
-3
Let b(a) = a**2 + 8*a - 28. What is b(7)?
77
Let f(u) = -8*u - 85. Give f(-31).
163
Let r(u) = -3*u**2 - 558*u + 1700. Determine r(-189).
-1
Let w(t) = -t + 307. Determine w(-13).
320
Let y(j) = -j**2 + 27*j - 162. Determine y(19).
-10
Let p(d) = 6*d - 228. Determine p(17).
-126
Let k(r) = r**2 + 18*r - 38. What is k(-12)?
-110
Let g(z) = 2*z**3 + 58*z**2 + 409*z + 26. Determine g(-17).
9
Let r(w) = -11*w + 1101. Give r(53).
518
Let l(x) = x**3 - 67*x**2 + 94*x - 1420. Give l(66).
428
Let f(r) = -r**3 + 10*r**2 - 32*r + 84. What is f(7)?
7
Let j(u) = -u**3 - 6*u**2 - 15*u - 2. What is j(-7)?
152
Let x(g) = 167*g - 352. Give x(2).
-18
Let m(q) = q**3 - 32*q**2 + 27*q + 115. What is m(31)?
-9
Let p(b) = 3*b**3 - 17*b**2 + 23*b + 5. Give p(3).
2
Let o(t) = -6*t - 149. What is o(22)?
-281
Let x(u) = -91*u - 630. Give x(-9).
189
Let u(g) = 2*g**3 + 2*g**2 + 31*g - 120. What is u(6)?
570
Let g(x) = -5*x + 150. Give g(29).
5
Let f(m) = m**3 - 20*m**2 - 19*m + 621. Calculate f(6).
3
Let q(y) = -y**2 + 184*y + 1149. Give q(-6).
9
Let k(o) = 58*o**2 - 31*o - 64. What is k(-2)?
230
Let o(s) = 2*s**2 - 32*s - 13. What is o(5)?
-123
Let a(j) = 2*j**3 - 22*j**2 - 67*j - 286. Determine a(14).
-48
Let d(y) = -5*y**2 - 575*y + 1146. Give d(2).
-24
Let g(i) = -40*i - 1310. Calculate g(-38).
210
Let i(j) = -39*j**3 + j**2. Calculate i(-1).
40
Let n(t) = t**3 + 53*t**2 + 114*t + 622. Calculate n(-51).
10
Let m(d) = d**3 + 24*d**2 + 30*d + 773. Determine m(-24).
53
Let h(l) = 16*l**3 + 428*l**2 - 115*l - 185. Calculate h(-27).
4
Let f(s) = 116*s**2 - 3130*s - 49. What is f(27)?
5
Let k(s) = 13*s - 172. Determine k(5).
-107
Let q(p) = -203*p - 1296. Calculate q(-5).
-281
Let y(w) = -23*w + 883. Determine y(20).
423
Let w(k) = 23*k + 325. Determine w(-17).
-66
Let q(v) = 3*v**2 + 36*v + 118. Give q(-11).
85
Let o(s) = 5*s**2 - 5*s - 71. Give o(10).
379
Let r(n) = -n**3 + 6*n**2 + 97*n + 6. What is r(-8)?
126
Let b(h) = -7*h**2 - 26*h. Give b(2).
-80
Let j(v) = -v**2 + 5*v + 17. Calculate j(7).
3
Let f(c) = -13*c**2 - 101*c + 53. Give f(-8).
29
Let x(f) = -154*f + 754. Determine x(5).
-16
Let j(d) = 128*d - 903. Determine j(7).
-7
Let j(n) = -2*n**2 - 67*n - 91. Give j(-32).
5
Let u(d) = d**3 + 2*d**2 + 5*d + 26. Calculate u(-6).
-148
Let b(o) = -57*o**2 + 106*o - 107. Determine b(1).
-58
Let q(r) = -r**3 - r**2 + 113*r - 2. Give q(10).
28
Let c(m) = m**3 + 6*m**2 - 147*m - 883. Calculate c(-6).
-1
Let w(h) = -h**3 + 65*h**2 - 307*h + 416. Determine w(60).
-4
Let m(x) = x**2 - 47*x + 72. Calculate m(46).
26
Let w(c) = c**3 + 112*c**2 + 1457*c + 177. Determine w(-97).
-17
Let n(w) = -124*w + 483. Determine n(5).
-137
Let w(r) = r**2 - 49*r - 338. What is w(-8)?
118
Let d(q) = 16*q**2 + 11*q - 279. Determine d(4).
21
Let u(w) = w**3 + 36*w**2 + 293*w - 77. Determine u(-13).
1
Let k(c) = 320*c + 5103. What is k(-16)?
-17
Let u(z) = -z**3 + 7*z**2 + 80*z - 263. What is u(3)?
13
Let g(v) = v**3 - 11*v**2 + 3*v + 67. Give g(10).
-3
Let s(q) = -q**3 + 18*q**2 - 22*q - 90. What is s(17)?
-175
Let q(g) = 661*g - 165911. Give q(251).
0
Let u(i) = -14*i + 224. Determine u(12).
56
Let c(l) = -3*l**3 + 2*l - 136. Determine c(0).
-136
Let a(n) = -4*n**3 - 20*n**2 + 40*n + 15. Determine a(-6).
-81
Let g(b) = 3*b**3 + 727*b**2 - 489*b - 734. Give g(-243).
-5
Let k(y) = 870*y**3 + 7*y + 8. Give k(-1).
-869
Let w(j) = -j**2 - 20*j - 99. Calculate w(-5).
-24
Let j(o) = 14*o**2 + 1541*o + 1622. Calculate j(-109).
-13
Let v(m) = 149*m + 5401. Calculate v(-36).
37
Let t(z) = 10*z - 449. Determine t(19).
-259
Let z(h) = h**3 + 11*h**2 + 35*h + 35. Determine z(-7).
-14
Let r(t) = -t**2 + 4*t + 345. Determine r(22).
-51
Let g(t) = -1379*t - 213737. Give g(-155).
8
Let h(t) = t**2 - 57*t + 289. Give h(17).
-391
Let l(i) = -16843*i - 2. Determine l(0).
-2
Let m(c) = 3*c**2 - 55*c + 9. What is m(0)?
9
Let a(x) = -117*x - 2873. Calculate a(-25).
52
Let o(n) = 179*n**2 - 5013*n + 30. Give o(28).
2
Let a(o) = -o**2 - 2*o - 29. Calculate a(-6).
-53
Let z(g) = 2257*g + 24827. What is z(-11)?
0
Let u(s) = -3*s**2 + 15*s + 56. Calculate u(7).
14
Let h(m) = -2*m**3 + 57*m**2 + 19*m + 291. Calculate h(29).
1
Let h(c) = -c**2 - 33*c - 292. Calculate h(-10).
-62
Let s(j) = 6*j**2 + 440*j + 123. Determine s(-73).
-23
Let j(r) = r**3 + 9*r**2 + 87*r + 768. Determine j(-8).
136
Let z(a) = -127*a + 2818. Give z(22).
24
Let a(m) = -3*m**3 - 30*m**2 + 162*m + 26. What is a(4)?
2
Let y(j) = -967*j - 3839. What is y(-4)?
29
Let u(i) = 30*i**2 + 15. Calculate u(-3).
285
Let i(a) = a**2 + 44*a - 961. What is i(-60)?
-1
Let n(i) = 2*i**2 - 19*i - 55. Calculate n(-9).
278
Let g(o) = -59*o**2 - 648*o + 5. Determine g(-11).
-6
Let w(y) = 164*y - 165. Determine w(1).
-1
Let w(y) = -3*y**3 + 25*y**2 - 195*y + 1911. Give w(9).
-6
Let a(d) = -7*d**2 - 154*d - 583. Give a(-5).
12
Let y(x) = x**3 + 52*x**2 - 110*x + 247. Give y(-54).
355
Let t(y) = 96*y - 1991. What is t(21)?
25
Let c(j) = -26*j**2 - 20*j + 44. Determine c(2).
-100
Let c(r) = 238*r**2 - 21*r - 19. Calculate c(-1).
240
Let t(h) = 4*h - 99. Determine t(5).
-79
Let k(p) = -p**3 - 3*p**2 - 6*p - 45. What is k(-4)?
-5
Let w(n) = 4*n**2 + 362*n - 562. Calculate w(-92).
-10
Let b(v) = -2*v**3 + 21*v**2 - 20*v - 6. Give b(6).
198
Let k(p) = p**3 + 11*p**2 + 18*p - 36. Give k(-9).
-36
Let q(a) = -a**3 + 99*a**2 - 894*a + 343. Give q(89).
-13
Let n(v) = -9*v + 86. Calculate n(11).
-13
Let a(u) = 825*u + 158. Calculate a(0).
158
Let h(d) = 4*d**3 + 4*d**2 - d - 1. What is h(-4)?
-189
Let i(x) = -191*x - 12599. Give i(-66).
7
Let j(i) = i**2 - 4*i - 2124. Determine j(49).
81
Let s(v) = -14*v**2 + 643*v + 37. Give s(46).
-9
Let l(r) = -r**3 - 19*r**2 + 168*r - 31. Give l(6).
77
Let c(a) = a**3 - 6*a**2 - 4*a - 21. Give c(7).
0
Let l(u) = -u**3 - 3*u**2 + 27*u - 27. Determine l(-7).
-20
Let b(v) = v**3 + 3*v**2 - 60*v + 26. Determine b(6).
-10
Let k(b) = -b**2 + 24*b - 64. What is k(25)?
-89
Let n(i) = -i**2 + 1284*i - 7675. Determine n(6).
-7
Let d(y) = -y**3 + 43*y**2 + y - 8. Calculate d(43).
35
Let t(b) = -2*b**2 + 104*b - 388. What is t(48)?
-4
Let d(x) = 117*x**2 + 840*x + 150. Calculate d(-7).
3
Let u(s) = -s**2 + 27*s + 1553. Determine u(-28).
13
Let c(h) = -96*h - 18. Give c(0).
-18
Let u(p) = 2*p**2 + 34*p + 93. Give u(-11).
-39
Let n(o) = 95*o + 18339. Calculate n(-193).
4
Let p(o) = -2*o - 30. What is p(-14)?
-2
Let a(j) = 377*j + 106315. Give a(-282).
1
Let h(t) = -23*t + 270. Determine h(8).
86
Let n(x) = 2*x**3 + 13*x**2 - 12*x - 255. What is n(4)?
33
Let n(y) = -58*y + 100. Calculate n(6).
-248
Let t(k) = 43*k - 2989. Give t(71).
64
Let b(r) = -2*r**3 - 127*r**2 - 70*r - 392. Determine b(-63).
49
Let d(t) = 2*t**2 - 6*t + 4. Give d(-7).
144
Let s(d) = 2*d**3 - 7*d**2 - 4*d + 80. What is s(0)?
80
Let b(w) = -w**2 - 56*w - 322. Calculate b(-17).
341
Let c(m) = -2*m**2 + 135*m - 1532. What is c(53)?
5
Let m(p) = p**3 + 17*p**2 + 23*p + 48. Determine m(-17).
-343
Let z(a) = a**3 + 40*a**2 + 44*a + 5371. Calculate z(-42).
-5
Let s(n) = -78*n + 759. Calculate s(9).
57
Let z(g) = 5*g**2 + 2*g + 220. Calculate z(0).
220
Let p(j) = 172*j**3 - 4*j**2 + 27*j - 22. Determine p(1).
173
Let w(s) = -s**3 - 19*s**2 - 26*s - 19. What is w(-3)?
-85
Let o(v) = -v**3 - 36*v**2 + 163*v + 127. Determine o(-40).
7
Let h(q) = q**3 + 11*q**2 + 13*q + 9. Calculate h(-4).
69
Let t(i) = -2*i**2 + 63*i - 560. What is t(7)?
-217
Let g(z) = 132*z - 22296. Determine g(169).
12
Let i(r) = 2*r**3 + 110*r**2 + 141*r + 1768. Determine i(-54).
-14
Let y(p) = 10*p - 46. Determine y(25).
204
Let r(u) = 2*u**2 - 60*u + 447. Give r(17).
5
Let u(a) = -49*a**2 - 3184*a + 72. Calculate u(-65).
7
Let f(r) = 2*r**3 - 19*r**2 - 1387*r - 23. What is f(-22)?
-1
Let w(j) = -j**3 + 15*j**2 - 11*j - 8. Determine w(7).
307
Let d(g) = g**3 + 22*g**2 + 122*g + 700. What is d(-17)?
71
L